5?
5
What is the highest common divisor of 161579 and 3663?
407
Calculate the highest common divisor of 11949 and 105.
21
Calculate the greatest common factor of 261 and 3573.
9
Calculate the highest common factor of 5136 and 2412.
12
What is the greatest common divisor of 16 and 295304?
8
Calculate the greatest common divisor of 42104 and 38.
38
What is the highest common divisor of 298439 and 753?
251
Calculate the greatest common divisor of 2500 and 3425.
25
Calculate the greatest common divisor of 3 and 1436292.
3
What is the greatest common factor of 112 and 61656?
56
Calculate the highest common divisor of 134 and 16942.
2
What is the greatest common factor of 55389 and 4588?
37
What is the highest common factor of 10415389 and 851?
851
Calculate the highest common divisor of 127483 and 153.
17
What is the highest common divisor of 92677 and 13?
13
What is the highest common divisor of 261 and 79431?
87
What is the highest common divisor of 249 and 2457381?
249
What is the greatest common factor of 111408 and 396?
132
What is the greatest common divisor of 96 and 66384?
48
What is the highest common divisor of 459 and 2771?
17
What is the highest common divisor of 10765 and 135?
5
Calculate the greatest common divisor of 154 and 202832.
14
What is the highest common factor of 853518 and 76?
38
Calculate the greatest common divisor of 306 and 36.
18
What is the greatest common factor of 140 and 239280?
20
What is the highest common factor of 9604 and 1036?
28
Calculate the greatest common factor of 178 and 1314.
2
What is the greatest common divisor of 36825 and 475?
25
What is the highest common factor of 3 and 65922?
3
What is the greatest common factor of 53319 and 1365?
21
What is the greatest common factor of 566702 and 738?
82
Calculate the greatest common factor of 3421 and 1507.
11
Calculate the highest common divisor of 140 and 7240.
20
Calculate the greatest common factor of 1379392 and 4928.
448
What is the highest common divisor of 2368 and 8214?
74
What is the greatest common factor of 146 and 53144?
146
Calculate the greatest common divisor of 484110 and 165.
165
What is the greatest common factor of 99 and 324313?
11
What is the greatest common divisor of 65 and 806?
13
What is the highest common factor of 3074 and 5194?
106
Calculate the greatest common divisor of 4732533 and 702.
351
What is the highest common factor of 1638 and 22698?
234
Calculate the highest common factor of 400332 and 192.
12
What is the highest common divisor of 279222 and 3114?
1038
What is the greatest common factor of 4 and 453434?
2
What is the highest common factor of 11424 and 8772?
204
What is the highest common factor of 22 and 68893?
11
What is the greatest common divisor of 229 and 23587?
229
Calculate the greatest common divisor of 5096 and 294.
98
What is the highest common divisor of 173 and 87019?
173
What is the highest common divisor of 19128 and 8?
8
What is the highest common factor of 1450 and 2036960?
290
Calculate the highest common factor of 4267137 and 42.
21
What is the highest common factor of 1131 and 4138329?
1131
Calculate the greatest common factor of 68 and 772378.
34
Calculate the greatest common factor of 38301 and 255.
51
Calculate the highest common factor of 624 and 593112.
312
What is the highest common factor of 34 and 16949?
17
What is the highest common factor of 35592 and 2424?
24
Calculate the greatest common factor of 986 and 383078.
34
Calculate the highest common factor of 279 and 2628459.
279
Calculate the greatest common divisor of 58 and 2202927.
29
Calculate the greatest common divisor of 31992 and 54312.
744
What is the highest common factor of 8783436 and 12?
12
Calculate the greatest common divisor of 26977 and 1018.
509
What is the highest common factor of 141017 and 83?
83
What is the highest common divisor of 24 and 8312532?
12
What is the greatest common factor of 22747 and 391?
23
Calculate the greatest common divisor of 1915 and 1635793.
383
What is the highest common factor of 10584 and 50?
2
What is the greatest common divisor of 1083 and 13509?
57
Calculate the highest common factor of 8038 and 288.
2
Calculate the highest common factor of 2232657 and 126.
63
What is the greatest common factor of 6429488 and 208?
208
Calculate the greatest common factor of 2700 and 1275.
75
What is the greatest common divisor of 89859 and 462?
231
Calculate the greatest common factor of 60 and 100420.
20
What is the highest common divisor of 420 and 89508?
12
Calculate the highest common divisor of 544 and 10544.
16
What is the highest common factor of 4650 and 16950?
150
What is the highest common factor of 14875 and 21?
7
What is the greatest common factor of 83220 and 15?
15
Calculate the greatest common factor of 148890 and 630.
210
What is the highest common divisor of 84 and 19348?
28
What is the highest common divisor of 227589 and 90?
3
What is the highest common divisor of 1232217 and 14?
7
Calculate the highest common divisor of 27086 and 116.
58
What is the greatest common divisor of 3426480 and 288?
144
What is the highest common divisor of 11649 and 1743114?
1059
What is the highest common factor of 6825 and 21400?
25
Calculate the greatest common divisor of 14896 and 380.
76
Calculate the greatest common divisor of 112 and 7.
7
Calculate the greatest common divisor of 153125 and 20825.
1225
What is the highest common factor of 200556 and 9396?
324
Calculate the greatest common divisor of 7820 and 260.
20
What is the highest common divisor of 231 and 100331?
77
What is the highest common divisor of 16379 and 22?
11
Calculate the highest common factor of 961 and 10075.
31
What is the highest common divisor of 45951 and 3975?
159
What is the highest common factor of 32 and 30224?
16
What is the highest common factor of 378556 and 494?
38
What is the highest common divisor of 1428 and 399?
21
Calculate the greatest common factor of 1518 and 44298.
138
What is the greatest common factor of 25980 and 4155?
15
Calculate the highest common divisor of 7936 and 3200.
128
Calculate the highest common factor of 44 and 1588026.
22
Calculate the highest common divisor of 119 and 6881.
7
Calculate the greatest common factor of 329 and 74119.
47
Calculate the highest common factor of 40229 and 8210.
821
What is the highest common factor of 7434 and 509642?
826
Calculate the greatest common factor of 334 and 117902.
334
What is the greatest common divisor of 90 and 16866?
18
Calculate the highest common divisor of 1173260 and 44.
44
Calculate the highest common factor of 92 and 29992.
92
What is the greatest common factor of 46 and 18331?
23
Calculate the highest common divisor of 15989 and 5962.
271
What is the highest common factor of 6651 and 369?
9
What is the highest common divisor of 914240 and 320?
320
What is the greatest common factor of 30 and 81330?
30
What is the highest common factor of 13701 and 54?
3
What is the greatest common factor of 3930 and 100608?
786
What is the greatest common factor of 1220 and 1230?
10
What is the greatest common factor of 181259 and 73?
73
What is the greatest common factor of 840 and 12075?
105
What is the highest common divisor of 198 and 81312?
66
Calculate the greatest common factor of 86458 and 556.
278
What is the greatest common divisor of 2211 and 15807?
33
What is the greatest common factor of 34 and 48637?
17
Calculate the greatest common factor of 226935 and 135.
135
What is the highest common factor of 888 and 16946?
74
What is the highest common divisor of 219 and 46793?
73
Calculate the greatest common factor of 373461 and 88.
11
What is the highest common divisor of 143247 and 52?
13
Calculate the highest common factor of 3485 and 935.
85
Calculate the highest common divisor of 1086 and 43983.
543
What is the highest common divisor of 195 and 89076?
39
What is the highest common divisor of 6542415 and 55?
55
What is the highest common factor of 28328 and 16?
8
Calculate the greatest common factor of 51015 and 28215.
285
Calculate the greatest common divisor of 324 and 1462.
2
What is the highest common divisor of 57086 and 21896?
782
Calculate the greatest common factor of 8876 and 182.
14
What is the highest common factor of 114 and 22059?
57
Calc